Determine n(-9).
7
Let j(b) = 7*b + 32. Give j(-3).
11
Let u(n) = n**3 + 30*n**2 + 276*n + 805. What is u(-7)?
0
Let d(u) = -31*u**3 - u**2 - 3*u - 1. What is d(-1)?
32
Let n(m) = 30*m + 614. Determine n(-19).
44
Let v(g) = 2*g**3 - 2*g**2 + 10*g + 22. Calculate v(-3).
-80
Let w(f) = f**3 + 19*f**2 - 74*f - 551. What is w(-21)?
121
Let f(j) = 73*j - 1182. Give f(18).
132
Let r(o) = -203*o**2 + 36*o + 71. What is r(-2)?
-813
Let l(i) = -253*i + 4558. Calculate l(18).
4
Let z(t) = -t**2 + 215*t + 848. What is z(-4)?
-28
Let t(v) = -65*v + 391. Give t(16).
-649
Let s(g) = -21*g + 1680. Give s(68).
252
Let f(r) = 1282*r**2 - 3847*r + 9. Calculate f(3).
6
Let v(z) = -8*z**2 + 22*z + 69. What is v(-3)?
-69
Let v(x) = -1032*x - 13403. Calculate v(-13).
13
Let b(h) = -2*h**2 - 38*h + 3. Give b(-19).
3
Let u(s) = -3*s**2 + 50*s - 189. Determine u(6).
3
Let w(g) = -809*g + 5. Calculate w(0).
5
Let g(k) = k**3 + 10*k**2 - 542*k - 6217. Give g(-12).
-1
Let o(c) = -15*c + 1273. What is o(87)?
-32
Let u(s) = 2*s**3 + 27*s**2 + 58*s - 9. Give u(-11).
-42
Let r(u) = u**2 + 70*u + 198. What is r(-67)?
-3
Let a(r) = -174*r - 5760. Calculate a(-33).
-18
Let j(t) = 37*t - 77. What is j(10)?
293
Let f(p) = -5*p**2 + 58*p - 190. Give f(3).
-61
Let u(x) = -65*x + 2326. Determine u(35).
51
Let s(g) = 752*g + 9033. What is s(-12)?
9
Let k(i) = -i**2 - 9*i + 67. Calculate k(8).
-69
Let c(m) = -m**3 + 25*m**2 - 67*m + 28. Calculate c(22).
6
Let d(p) = p**3 - 6*p**2 - 7*p + 8. Give d(0).
8
Let m(p) = -589*p - 5593. Give m(-9).
-292
Let i(t) = -2785*t + 11148. Determine i(4).
8
Let u(p) = -p**3 - 80*p**2 - 50*p - 4002. What is u(-80)?
-2
Let k(u) = u**3 - 11*u**2 + 28*u - 21. What is k(8)?
11
Let n(q) = -9*q**2 + 22*q - 11. What is n(6)?
-203
Let p(u) = 27*u - 915. Give p(33).
-24
Let v(r) = -42*r + 33. Determine v(2).
-51
Let u(o) = o**2 - 5*o - 147. What is u(24)?
309
Let h(r) = 220*r + 20. Give h(0).
20
Let r(x) = -2*x**3 - 2*x**2 - 3*x - 259. What is r(0)?
-259
Let d(v) = 134*v + 704. Determine d(-5).
34
Let l(t) = t**2 + 997*t + 4973. Calculate l(-5).
13
Let a(y) = -y**3 + 4*y**2 + 12*y - 43. Determine a(4).
5
Let z(g) = -371*g - 711. Calculate z(-2).
31
Let v(a) = 18*a**2 + 7*a + 6. Give v(-5).
421
Let m(l) = l**3 + 21*l**2 - 99*l + 15. Give m(-25).
-10
Let m(v) = -v**2 - 141*v + 4347. Give m(-167).
5
Let f(z) = z**2 + 25*z + 23. Determine f(-17).
-113
Let t(r) = 31744*r + 11. Give t(0).
11
Let a(q) = -214*q - 842. What is a(-4)?
14
Let h(a) = 5*a**2 + 66*a + 144. Calculate h(-3).
-9
Let q(k) = -2*k**3 + 98*k**2 + 102*k - 113. Determine q(50).
-13
Let g(u) = u**2 + 951*u - 60641. Determine g(60).
19
Let q(z) = -5*z**2 - 139*z - 496. What is q(-23)?
56
Let o(g) = -15*g**2 + 14*g + 17. Calculate o(-1).
-12
Let s(v) = -91*v**2 + 15288*v + 2. Give s(168).
2
Let h(b) = -b**2 - 6*b + 1732. Determine h(40).
-108
Let d(o) = 2*o**3 - 103*o**2 - 65*o + 674. Determine d(52).
-2
Let r(v) = 2*v**3 - 64*v**2 + 57*v + 111. Calculate r(31).
-44
Let t(f) = 2*f**2 + 1376*f - 13963. Give t(10).
-3
Let h(l) = l**2 - 28*l - 531. Give h(-13).
2
Let i(r) = -1461*r**2 + 42372*r - 91. Determine i(29).
-4
Let r(n) = 17*n + 219. Calculate r(-17).
-70
Let x(a) = -a**3 - 2*a**2 + 92*a + 1. Give x(0).
1
Let q(k) = k**2 - 281*k + 19491. Determine q(125).
-9
Let s(v) = -v**3 - 80*v**2 - 81*v + 5852. Determine s(-78).
2
Let p(h) = -12*h + 262. Determine p(29).
-86
Let g(k) = k**3 + 9*k**2 - 2*k - 12. Give g(-9).
6
Let k(u) = -u**3 + 13*u**2 - 12*u + 154. Give k(13).
-2
Let m(x) = -x**2 + 93*x - 2018. What is m(56)?
54
Let l(y) = 35*y + 201. Determine l(-11).
-184
Let w(y) = -y**3 - 21*y**2 + 50*y + 32. Calculate w(-23).
-60
Let z(i) = 2632*i + 71072. Determine z(-27).
8
Let y(r) = 190*r + 567. Give y(-3).
-3
Let c(i) = i - 146. Give c(19).
-127
Let q(t) = -t**2 + 19*t + 21. Calculate q(21).
-21
Let g(r) = 3*r**3 - 3*r**2 + 7. Determine g(2).
19
Let z(b) = 24*b**3 + 2*b - 2. Determine z(1).
24
Let o(z) = -3*z**3 - 4*z**2 + 18*z + 37. Give o(-3).
28
Let r(n) = 216*n + 15547. Determine r(-72).
-5
Let x(f) = 4*f**3 + 55*f**2 + 59*f + 11. Calculate x(-13).
-249
Let t(y) = -3*y**2 + 21*y - 12. Calculate t(4).
24
Let h(d) = -5936*d - 21. Give h(0).
-21
Let a(i) = -i**3 - 11*i**2 + 129*i + 56. Determine a(-18).
2
Let v(x) = 8*x**2 + 324*x - 489. Calculate v(-42).
15
Let n(p) = 35*p**2 - 561*p + 22. Determine n(16).
6
Let h(c) = 64*c + 295. Calculate h(-7).
-153
Let o(p) = 252*p - 735. Determine o(3).
21
Let n(s) = 2*s**2 - 262*s + 9. Determine n(0).
9
Let m(g) = -g**3 + 21*g**2 - 106*g + 29. Determine m(10).
69
Let f(v) = -2*v**2 + 34*v + 77. Give f(-10).
-463
Let k(i) = 55*i + 41. What is k(-2)?
-69
Let b(x) = 11*x**2 - 68*x - 45. Calculate b(6).
-57
Let c(g) = 6*g**2 + 598*g - 829. What is c(-101)?
-21
Let h(l) = -81*l**2 - 90*l - 12. Calculate h(-1).
-3
Let q(b) = b**2 - 1111*b + 29271. Determine q(27).
3
Let m(x) = 25*x - 1680. Calculate m(67).
-5
Let y(d) = 24*d**2 - 1200*d + 11. Give y(50).
11
Let z(u) = u**2 - 2*u + 12. Calculate z(7).
47
Let a(w) = 46*w + 122. Determine a(-4).
-62
Let c(a) = -42*a - 3246. Determine c(-77).
-12
Let x(y) = y**3 + 10*y**2 - 42*y + 36. What is x(-13)?
75
Let p(c) = -6*c**2 + 360*c + 5. Determine p(59).
359
Let k(r) = 106*r**2 - 675*r - 460. What is k(7)?
9
Let w(z) = -z**2 + 38*z - 30. Give w(35).
75
Let o(i) = 220*i - 4153. Calculate o(19).
27
Let v(b) = 2*b**2 + 163*b - 669. What is v(4)?
15
Let a(h) = -h**3 - 3*h**2 + 9*h + 97. Calculate a(0).
97
Let u(q) = 12*q - 138. Determine u(13).
18
Let t(s) = 48*s - 6819. What is t(142)?
-3
Let u(o) = 16*o + 28. Calculate u(2).
60
Let j(o) = -298*o + 6259. What is j(21)?
1
Let r(w) = 2*w**3 - 58*w**2 + 62*w - 150. What is r(28)?
18
Let a(b) = -270*b**3 - 14*b + 15. Calculate a(1).
-269
Let q(c) = -c**2 + 251*c - 15000. Determine q(98).
-6
Let h(n) = 86*n**2 + 484*n + 272. Give h(-5).
2
Let h(r) = -r**2 + 26*r + 108. What is h(14)?
276
Let s(k) = -7*k + 368. Give s(58).
-38
Let w(a) = a**3 + 65*a**2 + 990*a + 155. Determine w(-41).
-91
Let t(l) = 2*l**3 + 50*l**2 + 248*l + 376. Determine t(-19).
-4
Let h(b) = 12*b - 56. Give h(2).
-32
Let p(l) = -4*l - 5. Determine p(-8).
27
Let m(b) = -18*b**2 - 1480*b - 324. Give m(-82).
4
Let p(n) = -10*n**3 + 133*n**2 - 39*n + 18. What is p(13)?
18
Let i(w) = -9*w + 44. Determine i(7).
-19
Let a(i) = 56*i + 872. Calculate a(-15).
32
Let v(z) = -26*z**3 + 2*z**2 + 879*z + 877. Determine v(-1).
26
Let u(l) = -541*l - 2195. Determine u(-4).
-31
Let u(j) = 4*j**3 - 262*j**2 - 126*j - 272. Determine u(66).
124
Let k(l) = -24*l - 446. Calculate k(-27).
202
Let p(r) = r**2 + 270*r - 10678. Give p(35).
-3
Let r(v) = v**2 - 8*v - 29. Calculate r(9).
-20
Let k(n) = 36*n - 12. What is k(1)?
24
Let o(z) = -3*z**3 - 94*z**2 - 24*z + 107. Calculate o(-31).
-110
Let l(j) = -156*j - 9979. What is l(-64)?
5
Let k(c) = -3*c**2 + 68*c + 13. Calculate k(16).
333
Let m(r) = -10*r**2 + 80*r + 301. Give m(-3).
-29
Let m(z) = 24*z + 1788. Give m(-74).
12
Let o(u) = -u**3 + 84*u**2 - 164*u - 41. Determine o(82).
-41
Let f(p) = -259*p - 4300. Determine f(-17).
103
Let q(k) = 749*k + 5071. What is q(-7)?
-172
Let o(y) = -y**3 + 2*y**2 + 45*y - 147. What is o(5)?
3
Let k(b) = -b**2 + 451*b - 1790. Determine k(4).
-2
Let i(j) = j**3 - 12*j**2 - 2*j - 12. Calculate i(11).
-155
Let z(b) = 539*b + 12392. What is z(-23)?
-5
Let o(q) = -7*q**3 - 256*q**2 + 117*q + 127. Calculate o(-37).
-95
Let q(r) = -1017*r + 11186. Give q(11).
-1
Let y(f) = -f**3 + 26*f**2 + 30*f + 51. What is y(27)?
132
Let d(p) = p**3 + 12*p**2 + 64*p + 12. Calculate d(0).
12
Let i(l) = -223*l**2 + 1116*l - 6. What is i(5)?
-1
Let x(q) = -108*q**2 + 4*q + 5. Calculate x(-1).
-107
Let q(u) = -16*u**3 + 577*u**2 - 39*u + 114. Determine q(36).
6
Let t(v) = 98*v - 685. Give t(7).
1
Let k(m) = 26*m + 752. Calculate k(-29).
-2
Let m(r) = 385*r - 1141. Determine m(3).
14
Let j(x) = -182*x + 11258. Give j(62).
-26
Let x(m) = -m**3 - 7*m**2 - 17*m + 2. Give x(-3).
17
Let v(w) = 2*w**2 + 72*w - 71. Determine v(-27).
-557
Let k(a) = -a**3 - 3*a**2 + 49*a - 10. Calculate k(-5).
-205
Let t(u) = 358*u - 4162. Calculate t(12).
134
Let f(w) = -w**2 - 6*w - 36. Determine f(-8).
-52
Let i(w) = w**2 + 67*w + 122. Calculate i(-2).
-8
Let a(j) = -491*j + 1049. What i